{"id":1034,"date":"2025-06-22T16:59:49","date_gmt":"2025-06-22T14:59:49","guid":{"rendered":"https:\/\/www.aikiheillecourt.fr\/?page_id=1034"},"modified":"2025-08-04T14:08:45","modified_gmt":"2025-08-04T12:08:45","slug":"dispositions","status":"publish","type":"page","link":"https:\/\/www.aikiheillecourt.fr\/index.php\/dispositions\/","title":{"rendered":"Dispositions"},"content":{"rendered":"<!DOCTYPE html>\n\n<html lang=\"fr\">\n\t \t \t \t \t \t<!--link rel=\"stylesheet\" href=\"CSS_Additionel.css\" type=\"text\/css\"-->\n\n\n<!--https:\/\/www.aikiheillecourt.fr\/index.php\/elements\/-->\n<head>\n    <meta charset=\"utf-8\">\n<title>Documentation<\/title>\n<\/head>\n<div class=\"bg\">\n<header>\n<p class=\"logo_retour\"><a href=\"https:\/\/www.aikiheillecourt.fr\/index.php\/elements\/\">\n    <img decoding=\"async\" src=\"https:\/\/www.aikiheillecourt.fr\/wp-content\/uploads\/2025\/03\/cropped-logo-officiel-64x64-1-1.png\" alt=\"Acc\u00e9der au site\">\n                             <br>Retour  aux \u00e9l\u00e9ments<br> Shinto\u00efstes \u21d1\n<\/a><\/p>\n\n<\/header>\n\n<textarea class=\"textarea\" readonly>\n1 &#8211; Un coup en A\u00efkido peut d\u00e9cider de la vie ou de la mort. Durant la pratique, ob\u00e9issez aux instructions de celui qui dirige le Cours. Ne transformez pas la pratique en un absurde test de force !\n2 &#8211; L&rsquo;A\u00efkido est une voie par laquelle au moyen du UN on peut atteindre les DIX MILLE ETRES. M\u00eame avec un seul adversaire, il ne faut pas uniquement se pr\u00e9occuper de ce qui est devant, il est n\u00e9cessaire de pratiquer en \u00e9tant attentif aux quatre, aux huit directions.\n3 &#8211; Il faut travailler dans la joie !\n4 &#8211; Les enseignements de celui qui donne le cours ne repr\u00e9sentent qu&rsquo;un fragment de l&rsquo;A\u00efkido. Quand, par la recherche, et l&rsquo;entra\u00eenement quotidien et constant de soi-m\u00eame, vous serez parvenu \u00e0 la connaissance par le corps, le v\u00e9ritable usage des merveilles de l&rsquo;A\u00efkido vous sera permis.\n5 &#8211; L&rsquo;entra\u00eenement journalier commence par TAI NO HENKA, ensuite on pratique de plus en plus intensivement sans d\u00e9passer ses limites, ce qui permet \u00e0 des personnes \u00e2g\u00e9es de pratiquer sans risque de se blesser et d&rsquo;atteindre le but de la pratique.\n6 &#8211; L&rsquo;A\u00efkido est une recherche qui tend par l&rsquo;exercice du corps et de l&rsquo;esprit \u00e0 fa\u00e7onner un homme au coeur droit. Toutes les techniques sans exceptions sont secr\u00e8tes et ne peuvent \u00eatre montr\u00e9es \u00e0 ceux qui ne pratiquent pas ! Il faut \u00e9viter de les enseigner \u00e0 ceux qui en feraient un mauvais usage.\n<\/textarea>\n\n<!--small><em>Texte affich\u00e9 \u00e0 l'A\u00efkika\u00ef d\u00e8s 1932.\nEntretien avec O Sensei Morihei Ueshiba et Kisshomaru Ueshiba\nL\u2019interview qui suit a \u00e9t\u00e9 men\u00e9e par deux journalistes anonymes, et publi\u00e9 en Japonais sous le titre A\u00efkido par Kisshomaru Ueshiba, Tokyo, Kowado 1957, pages 198-219.\nTraduit du Japonais par Stanley Pranin et Katsuaki Terasawa. Traduit de l\u2019anglais par Philippe Chau, D\u00e9cembre 2002.<\/em><\/small-->\n\n\n\n<!-- Pied de page Elements \u00e0 copier coller sur chaque page -->\n<footer><p class=\"logo_retour_footer\"><a href=\"https:\/\/www.aikiheillecourt.fr\/index.php\/elements\/\">\n    <img loading=\"lazy\" decoding=\"async\" src=\"https:\/\/www.aikiheillecourt.fr\/wp-content\/uploads\/2025\/03\/torii.png\" alt=\"Torii\" width=\"90\" height=\"90\">\n                             <br>Retour  aux \u00e9l\u00e9ments<br> Shinto\u00efstes \u21d1\n<\/a>\n\n<\/footer>\n<\/div>\n\n\n<footer>            \n\n\n\n<\/footer>\n\n<\/html><!-- \/wp:post-content -->","protected":false},"excerpt":{"rendered":"<p>Documentation Retour aux \u00e9l\u00e9ments Shinto\u00efstes \u21d1 1 &#8211; Un coup en A\u00efkido peut d\u00e9cider de la vie ou de la mort. Durant la pratique, ob\u00e9issez aux instructions de celui qui dirige le Cours. Ne transformez pas la pratique en un absurde test de force ! 2 &#8211; L&rsquo;A\u00efkido est une voie par laquelle au moyen [&hellip;]<\/p>\n","protected":false},"author":1,"featured_media":0,"parent":0,"menu_order":0,"comment_status":"closed","ping_status":"closed","template":"","meta":{"hide_page_title":"","footnotes":""},"class_list":["post-1034","page","type-page","status-publish","hentry"],"_links":{"self":[{"href":"https:\/\/www.aikiheillecourt.fr\/index.php\/wp-json\/wp\/v2\/pages\/1034","targetHints":{"allow":["GET"]}}],"collection":[{"href":"https:\/\/www.aikiheillecourt.fr\/index.php\/wp-json\/wp\/v2\/pages"}],"about":[{"href":"https:\/\/www.aikiheillecourt.fr\/index.php\/wp-json\/wp\/v2\/types\/page"}],"author":[{"embeddable":true,"href":"https:\/\/www.aikiheillecourt.fr\/index.php\/wp-json\/wp\/v2\/users\/1"}],"replies":[{"embeddable":true,"href":"https:\/\/www.aikiheillecourt.fr\/index.php\/wp-json\/wp\/v2\/comments?post=1034"}],"version-history":[{"count":8,"href":"https:\/\/www.aikiheillecourt.fr\/index.php\/wp-json\/wp\/v2\/pages\/1034\/revisions"}],"predecessor-version":[{"id":2233,"href":"https:\/\/www.aikiheillecourt.fr\/index.php\/wp-json\/wp\/v2\/pages\/1034\/revisions\/2233"}],"wp:attachment":[{"href":"https:\/\/www.aikiheillecourt.fr\/index.php\/wp-json\/wp\/v2\/media?parent=1034"}],"curies":[{"name":"wp","href":"https:\/\/api.w.org\/{rel}","templated":true}]}}