{"id":418,"date":"2025-05-12T09:34:42","date_gmt":"2025-05-12T07:34:42","guid":{"rendered":"https:\/\/www.aikiheillecourt.fr\/?page_id=418"},"modified":"2025-08-04T14:41:38","modified_gmt":"2025-08-04T12:41:38","slug":"anatomie","status":"publish","type":"page","link":"https:\/\/www.aikiheillecourt.fr\/index.php\/anatomie\/","title":{"rendered":"Anatomie"},"content":{"rendered":"<!DOCTYPE html>\n\n<html lang=\"fr\">\n           \t \t \t \t \t \t<!--link rel=\"stylesheet\" href=\"CSS_Additionel.css\" type=\"text\/css\"-->\n<style>\n\n<\/style>\n\n<!--https:\/\/www.aikiheillecourt.fr\/Documentation\/-->\n<head>\n    <meta charset=\"utf-8\">\n<title>Documentation<\/title>\n<\/head>\n<div class=\"bg\">\n<header>\n<p class=\"logo_retour\"><a href=\"https:\/\/www.aikiheillecourt.fr\/index.php\/glossaire\/\">\n    <img decoding=\"async\" src=\"https:\/\/www.aikiheillecourt.fr\/wp-content\/uploads\/2025\/03\/cropped-logo-officiel-64x64-1-1.png\" alt=\"Acc\u00e9der au site\">\n                    <br>Retour au glossaire \u21d1\n<\/a><\/p>\n\n<\/header>\n\t<!--textarea STYLE=\"border-style:double; background-color: transparent;border-color: blueviolet;\" cols=80 rows=10-->\n<textarea class=\"textarea\" readonly>\n    Hara : Le ventre, estomac\n    Abara : Les c\u00f4tes\n    Ago : Machoire\n    Ashi : Jambe\n    Ashikubi : Cheville\n    Atama : T\u00eate\n    Daitai : La cuisse\n    Empi : Coude\n    Eri : col\n    Ganmen : Visage\n    Haishu : Dos de la main\n    Haito : Dos de la main\n    Haiwan : Partie exterieure de l&rsquo;avant-bras\n    Hiji : Coude\n    Hitai : Front\n    Ippon-ken : Un coup de poing port\u00e9 avec l&rsquo;articulation d&rsquo;une seule phalange\n    Jintai : Le corps\n    Juizo : La zone lombaire\n    Kakato : le talon du pied\n    Kakuto : Dos du poignet (pour un coup)\n    Kashi : Jambes\n    Katate : Une main\n    Keichu : Point d&rsquo;at\u00e9mi \u00e0 l&rsquo;arri\u00e8re du cou\n    Kenkokotsu : ar\u00eate de l&rsquo;\u00e9paule, \u00e0 l&rsquo;extr\u00e9mit\u00e9 de la clavicule\n    Kikai tanden : Centre abdominal, centre \u00e9nerg\u00e9tique du corps, \u00e9valu\u00e9 \u00e0 cinq centim\u00e8tres sous le nombril\n    Kikan : Trach\u00e9e\n    Koko : Zone situ\u00e9e entre le pouce et l&rsquo;index\n    Kote : Poignet\n    Kubi : Cou\n    Mata : La cuisse, l&rsquo;aine\n    Men : T\u00eate\n    Mimi : Oreilles\n    Morote : A deux mains\n    Mune : poitrine\n    Nukite : Extr\u00e9mit\u00e9s des doigts raidis\n    Seika-tanden : Partie basse de l&rsquo;abdomen\n    Seiken : Partie frontale du poing\n    Seikichu : L&rsquo;\u00e9pine dorsale\n    Senaka : Le post\u00e9rieur\n    Shita hara : Bas de l&rsquo;abdomen\n    Shomen : Visage\n    Shuhai : Dos de la main\n    Shuto : Tranchant de la main\n    Sokei : Aine\n    Sokuso : Extr\u00e9mit\u00e9s des orteils (pour frapper)\n    Sokutei Bosse du talon\n    Sokuto : Tranchant du pied\n    Tai : le corps\n    Tanden : Abdomen\n    Tegatana : Le bras comme une \u00e9p\u00e9e\n    Teisho : Arc form\u00e9 entre la main et le poignet pli\u00e9\n    Tekubi : Poignet\n    Te-no-hira : Paume de la main\n    Te no uchi : coup port\u00e9 avec l&rsquo;int\u00e9rieur de la main\n    Tettsui : Poing marteau\n    Te-ura : Int\u00e9rieur du poignet\n    Ude : Le bras\n    Uraken : Dessus du poing\n    Waki : Cot\u00e9, aisselle\n    Yokomen : C\u00f4t\u00e9 de la t\u00eate\n    JUNTE\u00a0: le couteau est tenu par UKE avec\u00a0la lame cot\u00e9 index,\n    GYAKUTE\u00a0: le couteau est tenu par UKE avec la lame cot\u00e9 auriculaire.\n    Yubi : Doigt\n    Zengaku : Front\n    Zenshin : Tout le corps\n    Zenwan : Avant-bras\n<\/textarea>\n\n<!-- Pied de page \u00e0 copier coller sur chaque page -->\n\n<footer> \n<p class=\"logo_retour_footer\"><a href=\"https:\/\/www.aikiheillecourt.fr\/index.php\/glossaire\/\">\n    <img loading=\"lazy\" decoding=\"async\" src=\"https:\/\/www.aikiheillecourt.fr\/wp-content\/uploads\/2025\/06\/Etiquette.gif\" alt=\"Acc\u00e9der au site\" width=\"100\" height=\"100\"  >\n                    <br>Retour au glossaire \u21d1\n<\/a><\/p>\n \n<\/footer>\n<\/div>\n<\/html>","protected":false},"excerpt":{"rendered":"<p>Documentation Retour au glossaire \u21d1 Hara : Le ventre, estomac Abara : Les c\u00f4tes Ago : Machoire Ashi : Jambe Ashikubi : Cheville Atama : T\u00eate Daitai : La cuisse Empi : Coude Eri : col Ganmen : Visage Haishu : Dos de la main Haito : Dos de la main Haiwan : Partie exterieure [&hellip;]<\/p>\n","protected":false},"author":1,"featured_media":0,"parent":0,"menu_order":0,"comment_status":"closed","ping_status":"closed","template":"","meta":{"hide_page_title":"","footnotes":""},"class_list":["post-418","page","type-page","status-publish","hentry"],"_links":{"self":[{"href":"https:\/\/www.aikiheillecourt.fr\/index.php\/wp-json\/wp\/v2\/pages\/418","targetHints":{"allow":["GET"]}}],"collection":[{"href":"https:\/\/www.aikiheillecourt.fr\/index.php\/wp-json\/wp\/v2\/pages"}],"about":[{"href":"https:\/\/www.aikiheillecourt.fr\/index.php\/wp-json\/wp\/v2\/types\/page"}],"author":[{"embeddable":true,"href":"https:\/\/www.aikiheillecourt.fr\/index.php\/wp-json\/wp\/v2\/users\/1"}],"replies":[{"embeddable":true,"href":"https:\/\/www.aikiheillecourt.fr\/index.php\/wp-json\/wp\/v2\/comments?post=418"}],"version-history":[{"count":13,"href":"https:\/\/www.aikiheillecourt.fr\/index.php\/wp-json\/wp\/v2\/pages\/418\/revisions"}],"predecessor-version":[{"id":2258,"href":"https:\/\/www.aikiheillecourt.fr\/index.php\/wp-json\/wp\/v2\/pages\/418\/revisions\/2258"}],"wp:attachment":[{"href":"https:\/\/www.aikiheillecourt.fr\/index.php\/wp-json\/wp\/v2\/media?parent=418"}],"curies":[{"name":"wp","href":"https:\/\/api.w.org\/{rel}","templated":true}]}}